Last updated on 2024-06-30 03:55:24 CEST.
Flavor | Version | Tinstall | Tcheck | Ttotal | Status | Flags |
---|---|---|---|---|---|---|
r-devel-linux-x86_64-debian-clang | 0.28.0 | 197.53 | 206.01 | 403.54 | OK | |
r-devel-linux-x86_64-debian-gcc | 0.28.0 | 151.58 | 148.54 | 300.12 | OK | |
r-devel-linux-x86_64-fedora-clang | 0.28.0 | 544.72 | NOTE | |||
r-devel-linux-x86_64-fedora-gcc | 0.28.0 | 440.98 | OK | |||
r-devel-windows-x86_64 | 0.28.0 | 159.00 | 374.00 | 533.00 | NOTE | |
r-patched-linux-x86_64 | 0.28.0 | 188.11 | 181.39 | 369.50 | OK | |
r-release-linux-x86_64 | 0.28.0 | 214.63 | 193.64 | 408.27 | OK | |
r-release-macos-arm64 | 0.28.0 | 153.00 | NOTE | |||
r-release-macos-x86_64 | 0.28.0 | 332.00 | NOTE | |||
r-release-windows-x86_64 | 0.28.0 | 159.00 | 367.00 | 526.00 | NOTE | |
r-oldrel-macos-arm64 | 0.28.0 | 179.00 | NOTE | |||
r-oldrel-macos-x86_64 | 0.28.0 | 331.00 | NOTE | |||
r-oldrel-windows-x86_64 | 0.28.0 | 199.00 | 449.00 | 648.00 | NOTE |
Version: 0.28.0
Check: installed package size
Result: NOTE
installed size is 86.1Mb
sub-directories of 1Mb or more:
libs 2.2Mb
tiledb 81.5Mb
Flavors: r-devel-linux-x86_64-fedora-clang, r-devel-windows-x86_64, r-release-macos-arm64, r-release-macos-x86_64, r-release-windows-x86_64, r-oldrel-macos-arm64, r-oldrel-macos-x86_64, r-oldrel-windows-x86_64