Last updated on 2024-06-30 03:55:24 CEST.
Flavor | Version | Tinstall | Tcheck | Ttotal | Status | Flags |
---|---|---|---|---|---|---|
r-devel-linux-x86_64-debian-clang | 1.0.91 | 168.49 | 176.58 | 345.07 | NOTE | |
r-devel-linux-x86_64-debian-gcc | 1.0.91 | 143.44 | 138.94 | 282.38 | NOTE | |
r-devel-linux-x86_64-fedora-clang | 1.0.91 | 444.05 | NOTE | |||
r-devel-linux-x86_64-fedora-gcc | 1.0.91 | 515.12 | NOTE | |||
r-devel-windows-x86_64 | 1.0.91 | 129.00 | 153.00 | 282.00 | NOTE | |
r-patched-linux-x86_64 | 1.0.91 | 116.05 | 179.92 | 295.97 | NOTE | |
r-release-linux-x86_64 | 1.0.91 | 126.54 | 179.71 | 306.25 | NOTE | |
r-release-macos-arm64 | 1.0.91 | 105.00 | NOTE | |||
r-release-macos-x86_64 | 1.0.91 | 180.00 | NOTE | |||
r-release-windows-x86_64 | 1.0.91 | 131.00 | 150.00 | 281.00 | NOTE | |
r-oldrel-macos-arm64 | 1.0.91 | 84.00 | NOTE | |||
r-oldrel-macos-x86_64 | 1.0.91 | 214.00 | NOTE | |||
r-oldrel-windows-x86_64 | 1.0.91 | 170.00 | 191.00 | 361.00 | NOTE |
Version: 1.0.91
Check: for GNU extensions in Makefiles
Result: NOTE
GNU make is a SystemRequirements.
Flavors: r-devel-linux-x86_64-debian-clang, r-devel-linux-x86_64-debian-gcc, r-devel-linux-x86_64-fedora-clang, r-devel-linux-x86_64-fedora-gcc, r-devel-windows-x86_64, r-patched-linux-x86_64, r-release-linux-x86_64, r-release-macos-arm64, r-release-macos-x86_64, r-release-windows-x86_64, r-oldrel-macos-arm64, r-oldrel-macos-x86_64, r-oldrel-windows-x86_64
Version: 1.0.91
Check: installed package size
Result: NOTE
installed size is 47.0Mb
sub-directories of 1Mb or more:
libs 46.7Mb
Flavors: r-release-macos-arm64, r-release-macos-x86_64, r-oldrel-macos-arm64, r-oldrel-macos-x86_64