Last updated on 2024-06-30 03:55:24 CEST.
Flavor | Version | Tinstall | Tcheck | Ttotal | Status | Flags |
---|---|---|---|---|---|---|
r-devel-linux-x86_64-debian-clang | 0.1.3 | 62.41 | 30.75 | 93.16 | NOTE | |
r-devel-linux-x86_64-debian-gcc | 0.1.3 | 36.49 | 23.43 | 59.92 | NOTE | |
r-devel-linux-x86_64-fedora-clang | 0.1.3 | 121.51 | NOTE | |||
r-devel-linux-x86_64-fedora-gcc | 0.1.3 | 120.71 | NOTE | |||
r-devel-windows-x86_64 | 0.1.3 | 41.00 | 65.00 | 106.00 | NOTE | |
r-patched-linux-x86_64 | 0.1.3 | 44.02 | 28.67 | 72.69 | NOTE | |
r-release-linux-x86_64 | 0.1.3 | 51.72 | 29.93 | 81.65 | NOTE | |
r-release-macos-arm64 | 0.1.3 | 28.00 | NOTE | |||
r-release-macos-x86_64 | 0.1.3 | 38.00 | NOTE | |||
r-release-windows-x86_64 | 0.1.3 | 42.00 | 64.00 | 106.00 | NOTE | |
r-oldrel-macos-arm64 | 0.1.3 | 32.00 | NOTE | |||
r-oldrel-macos-x86_64 | 0.1.3 | 55.00 | NOTE | |||
r-oldrel-windows-x86_64 | 0.1.3 | 48.00 | 74.00 | 122.00 | NOTE |
Version: 0.1.3
Check: C++ specification
Result: NOTE
Specified C++11: please drop specification unless essential
Flavors: r-devel-linux-x86_64-debian-clang, r-devel-linux-x86_64-debian-gcc, r-devel-linux-x86_64-fedora-clang, r-devel-linux-x86_64-fedora-gcc, r-devel-windows-x86_64, r-patched-linux-x86_64, r-release-linux-x86_64, r-release-macos-arm64, r-release-macos-x86_64, r-release-windows-x86_64, r-oldrel-macos-arm64, r-oldrel-macos-x86_64, r-oldrel-windows-x86_64