Last updated on 2024-06-08 03:49:45 CEST.
Flavor | Version | Tinstall | Tcheck | Ttotal | Status | Flags |
---|---|---|---|---|---|---|
r-devel-linux-x86_64-debian-clang | 0.1-6 | 37.32 | 44.40 | 81.72 | NOTE | |
r-devel-linux-x86_64-debian-gcc | 0.1-6 | 28.51 | 35.05 | 63.56 | NOTE | |
r-devel-linux-x86_64-fedora-clang | 0.1-6 | 112.08 | NOTE | |||
r-devel-linux-x86_64-fedora-gcc | 0.1-6 | 116.25 | NOTE | |||
r-devel-windows-x86_64 | 0.1-6 | 28.00 | 71.00 | 99.00 | NOTE | |
r-patched-linux-x86_64 | 0.1-6 | 34.60 | 43.98 | 78.58 | NOTE | |
r-release-linux-x86_64 | 0.1-6 | 34.24 | 43.43 | 77.67 | NOTE | |
r-release-macos-arm64 | 0.1-6 | 34.00 | NOTE | |||
r-release-macos-x86_64 | 0.1-6 | 42.00 | NOTE | |||
r-release-windows-x86_64 | 0.1-6 | 29.00 | 78.00 | 107.00 | NOTE | |
r-oldrel-macos-arm64 | 0.1-6 | 36.00 | NOTE | |||
r-oldrel-macos-x86_64 | 0.1-6 | 54.00 | NOTE | |||
r-oldrel-windows-x86_64 | 0.1-6 | 26.00 | 88.00 | 114.00 | NOTE |
Version: 0.1-6
Check: C++ specification
Result: NOTE
Specified C++11: please drop specification unless essential
Flavors: r-devel-linux-x86_64-debian-clang, r-devel-linux-x86_64-debian-gcc, r-devel-linux-x86_64-fedora-clang, r-devel-linux-x86_64-fedora-gcc, r-devel-windows-x86_64, r-patched-linux-x86_64, r-release-linux-x86_64, r-release-macos-arm64, r-release-macos-x86_64, r-release-windows-x86_64, r-oldrel-macos-arm64, r-oldrel-macos-x86_64, r-oldrel-windows-x86_64