Last updated on 2024-06-30 03:55:25 CEST.
Flavor | Version | Tinstall | Tcheck | Ttotal | Status | Flags |
---|---|---|---|---|---|---|
r-devel-linux-x86_64-debian-clang | 0.4.0 | 31.55 | 23.86 | 55.41 | NOTE | |
r-devel-linux-x86_64-debian-gcc | 0.4.0 | 18.99 | 18.40 | 37.39 | NOTE | |
r-devel-linux-x86_64-fedora-clang | 0.4.0 | 77.16 | NOTE | |||
r-devel-linux-x86_64-fedora-gcc | 0.4.0 | 72.88 | NOTE | |||
r-devel-windows-x86_64 | 0.4.0 | 30.00 | 61.00 | 91.00 | NOTE | |
r-patched-linux-x86_64 | 0.4.0 | 24.56 | 22.20 | 46.76 | OK | |
r-release-linux-x86_64 | 0.4.0 | 25.47 | 22.59 | 48.06 | OK | |
r-release-macos-arm64 | 0.4.0 | 22.00 | OK | |||
r-release-macos-x86_64 | 0.4.0 | 44.00 | OK | |||
r-release-windows-x86_64 | 0.4.0 | 27.00 | 57.00 | 84.00 | OK | |
r-oldrel-macos-arm64 | 0.4.0 | 24.00 | OK | |||
r-oldrel-macos-x86_64 | 0.4.0 | 52.00 | OK | |||
r-oldrel-windows-x86_64 | 0.4.0 | 35.00 | 66.00 | 101.00 | OK |
Version: 0.4.0
Check: compiled code
Result: NOTE
File ‘tzdb/libs/tzdb.so’:
Found non-API calls to R: ‘SETLENGTH’, ‘SET_GROWABLE_BIT’,
‘SET_TRUELENGTH’
Compiled code should not call non-API entry points in R.
See ‘Writing portable packages’ in the ‘Writing R Extensions’ manual.
See section ‘Moving into C API compliance’ in the ‘Writing R
Extensions’ manual for issues with use of non-API entry points.
Flavors: r-devel-linux-x86_64-debian-clang, r-devel-linux-x86_64-debian-gcc, r-devel-linux-x86_64-fedora-clang
Version: 0.4.0
Check: compiled code
Result: NOTE
File ‘tzdb/libs/tzdb.so’:
Found non-API calls to R: ‘SETLENGTH’, ‘SET_GROWABLE_BIT’,
‘SET_TRUELENGTH’
Compiled code should not call non-API entry points in R.
See ‘Writing portable packages’ in the ‘Writing R Extensions’ manual.
Flavor: r-devel-linux-x86_64-fedora-gcc
Version: 0.4.0
Check: compiled code
Result: NOTE
File 'tzdb/libs/x64/tzdb.dll':
Found non-API calls to R: 'SETLENGTH', 'SET_GROWABLE_BIT',
'SET_TRUELENGTH'
Compiled code should not call non-API entry points in R.
See 'Writing portable packages' in the 'Writing R Extensions' manual.
See section 'Moving into C API compliance' in the 'Writing R
Extensions' manual for issues with use of non-API entry points.
Flavor: r-devel-windows-x86_64