Last updated on 2024-08-16 03:49:40 CEST.
Flavor | Version | Tinstall | Tcheck | Ttotal | Status | Flags |
---|---|---|---|---|---|---|
r-devel-linux-x86_64-debian-clang | 0.4.0 | 3.76 | 41.34 | 45.10 | OK | |
r-devel-linux-x86_64-debian-gcc | 0.4.0 | 2.80 | 31.28 | 34.08 | OK | |
r-devel-linux-x86_64-fedora-clang | 0.4.0 | 71.10 | NOTE | |||
r-devel-linux-x86_64-fedora-gcc | 0.4.0 | 83.61 | NOTE | |||
r-devel-windows-x86_64 | 0.4.0 | 5.00 | 58.00 | 63.00 | OK | |
r-patched-linux-x86_64 | 0.4.0 | 3.48 | 39.60 | 43.08 | OK | |
r-release-linux-x86_64 | 0.4.0 | 3.33 | 39.06 | 42.39 | OK | |
r-release-macos-arm64 | 0.4.0 | 28.00 | OK | |||
r-release-macos-x86_64 | 0.4.0 | 44.00 | OK | |||
r-release-windows-x86_64 | 0.4.0 | 6.00 | 57.00 | 63.00 | OK | |
r-oldrel-macos-arm64 | 0.4.0 | 36.00 | OK | |||
r-oldrel-macos-x86_64 | 0.4.0 | 55.00 | OK | |||
r-oldrel-windows-x86_64 | 0.4.0 | 6.00 | 64.00 | 70.00 | OK |
Version: 0.4.0
Check: data for non-ASCII characters
Result: NOTE
Note: found 468 marked UTF-8 strings
Flavors: r-devel-linux-x86_64-fedora-clang, r-devel-linux-x86_64-fedora-gcc