Last updated on 2024-06-17 03:50:08 CEST.
Flavor | Version | Tinstall | Tcheck | Ttotal | Status | Flags |
---|---|---|---|---|---|---|
r-devel-linux-x86_64-debian-clang | 1.0.1 | 14.19 | 554.22 | 568.41 | NOTE | |
r-devel-linux-x86_64-debian-gcc | 1.0.1 | 9.95 | 416.27 | 426.22 | NOTE | |
r-devel-linux-x86_64-fedora-clang | 1.0.1 | 711.32 | NOTE | |||
r-devel-linux-x86_64-fedora-gcc | 1.0.1 | 725.36 | NOTE | |||
r-devel-windows-x86_64 | 1.0.1 | 12.00 | 537.00 | 549.00 | NOTE | |
r-patched-linux-x86_64 | 1.0.1 | 19.35 | 560.45 | 579.80 | NOTE | |
r-release-linux-x86_64 | 1.0.1 | 8.58 | 572.07 | 580.65 | NOTE | |
r-release-macos-arm64 | 1.0.1 | 236.00 | NOTE | |||
r-release-macos-x86_64 | 1.0.1 | 357.00 | NOTE | |||
r-release-windows-x86_64 | 1.0.1 | 12.00 | 536.00 | 548.00 | NOTE | |
r-oldrel-macos-arm64 | 1.0.1 | 278.00 | OK | |||
r-oldrel-macos-x86_64 | 1.0.1 | 407.00 | OK | |||
r-oldrel-windows-x86_64 | 1.0.1 | 19.00 | 522.00 | 541.00 | OK |
Version: 1.0.1
Check: Rd files
Result: NOTE
checkRd: (-1) simulatePopulation.Rd:75: Lost braces; missing escapes or markup?
75 | \item \strong{Pollen productivity}: In each time step the model computes the pollen productivity (in relative values) of the population using the equation \eqn{P_{t} = \sum x_{it} \times max(S_{t}, B)}, where \emph{t} is time (a given simulation time step), \emph{P} is the pollen productivity of the population at a given time, \emph{x_{i}} represents the biomass of every adult individual, \emph{S} is the environmental suitability at the given time, \emph{B} is the contribution of biomass to pollen productivity regardless of environmental suitability (\emph{pollen.control} parameter in the simulation, 0 by default). If \emph{B} equals 1, \emph{P} is equal to the total biomass sum of the adult population, regardless of the environmental suitability. If \emph{B} equals 0, pollen productivity depends entirely on environmental suitability values.
| ^
Flavors: r-devel-linux-x86_64-debian-clang, r-devel-linux-x86_64-debian-gcc, r-devel-linux-x86_64-fedora-clang, r-devel-linux-x86_64-fedora-gcc, r-devel-windows-x86_64, r-patched-linux-x86_64, r-release-linux-x86_64, r-release-macos-arm64, r-release-macos-x86_64, r-release-windows-x86_64