Last updated on 2024-06-30 03:55:25 CEST.
Flavor | Version | Tinstall | Tcheck | Ttotal | Status | Flags |
---|---|---|---|---|---|---|
r-devel-linux-x86_64-debian-clang | 0.2.0 | 5.56 | 57.92 | 63.48 | OK | |
r-devel-linux-x86_64-debian-gcc | 0.2.0 | 4.94 | 43.22 | 48.16 | OK | |
r-devel-linux-x86_64-fedora-clang | 0.2.0 | 80.37 | NOTE | |||
r-devel-linux-x86_64-fedora-gcc | 0.2.0 | 74.77 | OK | |||
r-devel-windows-x86_64 | 0.2.0 | 7.00 | 64.00 | 71.00 | OK | |
r-patched-linux-x86_64 | 0.2.0 | 6.37 | 55.18 | 61.55 | OK | |
r-release-linux-x86_64 | 0.2.0 | 4.24 | 55.62 | 59.86 | OK | |
r-release-macos-arm64 | 0.2.0 | 24.00 | OK | |||
r-release-macos-x86_64 | 0.2.0 | 39.00 | OK | |||
r-release-windows-x86_64 | 0.2.0 | 7.00 | 64.00 | 71.00 | OK | |
r-oldrel-macos-arm64 | 0.2.0 | 36.00 | OK | |||
r-oldrel-macos-x86_64 | 0.2.0 | 52.00 | OK | |||
r-oldrel-windows-x86_64 | 0.2.0 | 9.00 | 74.00 | 83.00 | OK |
Version: 0.2.0
Check: installed package size
Result: NOTE
installed size is 5.0Mb
sub-directories of 1Mb or more:
help 3.9Mb
Flavor: r-devel-linux-x86_64-fedora-clang