Last updated on 2024-06-30 03:55:25 CEST.
Flavor | Version | Tinstall | Tcheck | Ttotal | Status | Flags |
---|---|---|---|---|---|---|
r-devel-linux-x86_64-debian-clang | 0.1.0 | 23.65 | 30.18 | 53.83 | NOTE | |
r-devel-linux-x86_64-debian-gcc | 0.1.0 | 15.48 | 23.46 | 38.94 | NOTE | |
r-devel-linux-x86_64-fedora-clang | 0.1.0 | 74.60 | NOTE | |||
r-devel-linux-x86_64-fedora-gcc | 0.1.0 | 72.90 | NOTE | |||
r-devel-windows-x86_64 | 0.1.0 | 19.00 | 61.00 | 80.00 | NOTE | |
r-patched-linux-x86_64 | 0.1.0 | 20.16 | 28.94 | 49.10 | NOTE | |
r-release-linux-x86_64 | 0.1.0 | 20.57 | 28.80 | 49.37 | NOTE | |
r-release-macos-arm64 | 0.1.0 | 22.00 | NOTE | |||
r-release-macos-x86_64 | 0.1.0 | 51.00 | NOTE | |||
r-release-windows-x86_64 | 0.1.0 | 19.00 | 63.00 | 82.00 | NOTE | |
r-oldrel-macos-arm64 | 0.1.0 | 27.00 | NOTE | |||
r-oldrel-macos-x86_64 | 0.1.0 | 39.00 | NOTE | |||
r-oldrel-windows-x86_64 | 0.1.0 | 18.00 | 71.00 | 89.00 | NOTE |
Version: 0.1.0
Check: C++ specification
Result: NOTE
Specified C++11: please drop specification unless essential
Flavors: r-devel-linux-x86_64-debian-clang, r-devel-linux-x86_64-debian-gcc, r-devel-linux-x86_64-fedora-clang, r-devel-linux-x86_64-fedora-gcc, r-devel-windows-x86_64, r-patched-linux-x86_64, r-release-linux-x86_64, r-release-macos-arm64, r-release-macos-x86_64, r-release-windows-x86_64, r-oldrel-macos-arm64, r-oldrel-macos-x86_64, r-oldrel-windows-x86_64