Last updated on 2024-06-30 03:55:26 CEST.
Flavor | Version | Tinstall | Tcheck | Ttotal | Status | Flags |
---|---|---|---|---|---|---|
r-devel-linux-x86_64-debian-clang | 1.0.5 | 1.64 | 23.40 | 25.04 | NOTE | |
r-devel-linux-x86_64-debian-gcc | 1.0.5 | 1.45 | 18.06 | 19.51 | NOTE | |
r-devel-linux-x86_64-fedora-clang | 1.0.5 | 32.27 | NOTE | |||
r-devel-linux-x86_64-fedora-gcc | 1.0.5 | 30.57 | NOTE | |||
r-devel-windows-x86_64 | 1.0.5 | 3.00 | 41.00 | 44.00 | NOTE | |
r-patched-linux-x86_64 | 1.0.5 | 1.76 | 21.89 | 23.65 | NOTE | |
r-release-linux-x86_64 | 1.0.5 | 1.85 | 22.18 | 24.03 | NOTE | |
r-release-macos-arm64 | 1.0.5 | 15.00 | NOTE | |||
r-release-macos-x86_64 | 1.0.5 | 26.00 | NOTE | |||
r-release-windows-x86_64 | 1.0.5 | 3.00 | 41.00 | 44.00 | NOTE | |
r-oldrel-macos-arm64 | 1.0.5 | 20.00 | NOTE | |||
r-oldrel-macos-x86_64 | 1.0.5 | 19.00 | NOTE | |||
r-oldrel-windows-x86_64 | 1.0.5 | 3.00 | 42.00 | 45.00 | NOTE |
Version: 1.0.5
Check: LazyData
Result: NOTE
'LazyData' is specified without a 'data' directory
Flavors: r-devel-linux-x86_64-debian-clang, r-devel-linux-x86_64-debian-gcc, r-devel-linux-x86_64-fedora-clang, r-devel-linux-x86_64-fedora-gcc, r-devel-windows-x86_64, r-patched-linux-x86_64, r-release-linux-x86_64, r-release-macos-arm64, r-release-macos-x86_64, r-release-windows-x86_64, r-oldrel-macos-arm64, r-oldrel-macos-x86_64, r-oldrel-windows-x86_64