Last updated on 2024-06-30 03:55:26 CEST.
Flavor | Version | Tinstall | Tcheck | Ttotal | Status | Flags |
---|---|---|---|---|---|---|
r-devel-linux-x86_64-debian-clang | 0.1.0 | 69.80 | 23.74 | 93.54 | WARN | |
r-devel-linux-x86_64-debian-gcc | 0.1.0 | 52.86 | 18.80 | 71.66 | WARN | |
r-devel-linux-x86_64-fedora-clang | 0.1.0 | 153.99 | WARN | |||
r-devel-linux-x86_64-fedora-gcc | 0.1.0 | 144.51 | WARN | |||
r-devel-windows-x86_64 | 0.1.0 | 87.00 | 56.00 | 143.00 | WARN | |
r-patched-linux-x86_64 | 0.1.0 | 70.37 | 23.14 | 93.51 | OK | |
r-release-linux-x86_64 | 0.1.0 | 76.12 | 23.57 | 99.69 | OK | |
r-release-macos-arm64 | 0.1.0 | 46.00 | NOTE | |||
r-release-macos-x86_64 | 0.1.0 | 57.00 | NOTE | |||
r-release-windows-x86_64 | 0.1.0 | 87.00 | 58.00 | 145.00 | OK | |
r-oldrel-macos-arm64 | 0.1.0 | 50.00 | NOTE | |||
r-oldrel-macos-x86_64 | 0.1.0 | 73.00 | NOTE | |||
r-oldrel-windows-x86_64 | 0.1.0 | 88.00 | 66.00 | 154.00 | OK |
Version: 0.1.0
Check: compiled code
Result: WARN
File ‘ymd/libs/ymd.so’:
Found non-API calls to R: ‘ENVFLAGS’, ‘FRAME’, ‘HASHTAB’, ‘PRCODE’,
‘PRENV’, ‘PRSEEN’, ‘PRVALUE’, ‘Rf_findVarInFrame3’, ‘SET_BODY’,
‘SET_CLOENV’, ‘SET_ENCLOS’, ‘SET_ENVFLAGS’, ‘SET_FORMALS’,
‘SET_PRCODE’, ‘SET_PRENV’, ‘SET_PRVALUE’, ‘STRING_PTR’, ‘SYMVALUE’,
‘XLENGTH_EX’
These entry points may be removed soon:
‘PRSEEN’, ‘SYMVALUE’
Compiled code should not call non-API entry points in R.
See ‘Writing portable packages’ in the ‘Writing R Extensions’ manual.
See section ‘Moving into C API compliance’ in the ‘Writing R
Extensions’ manual for issues with use of non-API entry points.
Flavors: r-devel-linux-x86_64-debian-clang, r-devel-linux-x86_64-debian-gcc, r-devel-linux-x86_64-fedora-clang, r-devel-linux-x86_64-fedora-gcc
Version: 0.1.0
Check: compiled code
Result: WARN
File 'ymd/libs/x64/ymd.dll':
Found non-API calls to R: 'ENVFLAGS', 'FRAME', 'HASHTAB', 'PRCODE',
'PRENV', 'PRSEEN', 'PRVALUE', 'Rf_findVarInFrame3', 'SET_BODY',
'SET_CLOENV', 'SET_ENCLOS', 'SET_ENVFLAGS', 'SET_FORMALS',
'SET_PRCODE', 'SET_PRENV', 'SET_PRVALUE', 'STRING_PTR', 'SYMVALUE',
'XLENGTH_EX'
These entry points may be removed soon:
'PRSEEN', 'SYMVALUE'
Compiled code should not call non-API entry points in R.
See 'Writing portable packages' in the 'Writing R Extensions' manual.
See section 'Moving into C API compliance' in the 'Writing R
Extensions' manual for issues with use of non-API entry points.
Flavor: r-devel-windows-x86_64
Version: 0.1.0
Check: installed package size
Result: NOTE
installed size is 7.6Mb
sub-directories of 1Mb or more:
libs 7.5Mb
Flavors: r-release-macos-arm64, r-release-macos-x86_64, r-oldrel-macos-arm64, r-oldrel-macos-x86_64